4*c, s = 3*c + 9. What are the prime factors of f?
173
Let t(x) = x**2 + 2*x - 10. Let f be t(3). List the prime factors of 358 - (6/(-30) + 1/f).
2, 179
Suppose 0 = 3*q - 0*q. Suppose -c - 16*c + 85 = q. Suppose -1101 = -4*m - 3*n, c*m = 6*n - 4*n + 1382. What are the prime factors of m?
2, 3, 23
Let d = 86 + -82. Let r(z) = 29*z**2 + 2*z - 11. Let j be r(d). Suppose j = 3*l + 4*n, -3*n = 5*l - 2*l - 462. What are the prime factors of l?
5, 31
Suppose 4*p = -5*w + 12, 22 = 3*w - 6*p + p. Suppose w*i - 3648 = -2*i. Suppose -6*a + 364 = -i. What are the prime factors of a?
2, 3
Suppose -123*q - 14759 = -124*q - 5*z, 5*z = -3*q + 44207. What are the prime factors of q?
2, 3, 409
Let j = -90 - -85. Let c(u) = -9*u**2 - 8*u - 9. Let a be c(j). Let i = 366 + a. What are the prime factors of i?
2, 43
Let y(t) = -3*t**3 - 5*t**2 + t - 6. Let r be y(4). Let p = -54 - r. What are the prime factors of p?
2, 5, 11
Suppose -133178 = -48*s + 40534. List the prime factors of s.
7, 11, 47
Suppose 12*k + 2 - 98 = 0. Suppose -y + k*n + 1062 = 12*n, -2*y + 4*n = -2172. List the prime factors of y.
2, 7, 11
Let t = 54 - 52. Suppose t*h - 3*s + 10 = 4*h, 0 = 4*h - 3*s - 2. Suppose 2*o = -2*o - 3*j + 295, 0 = -5*o - h*j + 360. List the prime factors of o.
2, 5, 7
Let l(z) = -2*z**3 + 189*z**2 + 88*z + 1686. List the prime factors of l(92).
2, 109, 239
Let j(b) = b**2 + 7*b + 8. Let z be j(-6). Suppose 1270 = 5*g + 435. Suppose -4*x + 614 = -2*t, -x + z*t - 6 + g = 0. What are the prime factors of x?
151
Let l = 197795 - 138050. What are the prime factors of l?
3, 5, 7, 569
Let t be 1/2*4/1. Suppose -196 = -2*h + 3*f, 3*h - t*h = -2*f + 98. Suppose 0 = 3*z - 5*r - h, 4*r - 35 = -2*z + 45. List the prime factors of z.
2, 3
Let w(g) = -2*g + 7. Let p be w(-4). Suppose p = 4*n - 3*n. Suppose 5*t - 45 = -2*y + n, -4*t = 8. List the prime factors of y.
5, 7
Let h(n) = 16*n - 51. Let u(j) = j**2 + 2*j - 16. Let a be u(5). What are the prime factors of h(a)?
11, 23
Let c = 829 + 7050. What are the prime factors of c?
7879
Suppose -5*l + 32 = 3*c, -11*l + 10*l - 4*c = -20. List the prime factors of 2058/8 - l/16.
257
Suppose 4*k = 19165 + 35079. List the prime factors of k.
71, 191
Suppose -3*c - 46473 = 3024*z - 3025*z, 0 = 2*z - 2*c - 92946. List the prime factors of z.
3, 7, 2213
Let r = 589 - 584. Suppose -7*m = -8*m - r, u + m = 986. What are the prime factors of u?
991
Let z be (-2)/3*((-22)/4 + 1). Suppose 1945 = 2*m - 5*y, y - 3303 + 394 = -z*m. What are the prime factors of m?
2, 5, 97
Let c = 5837 - -2329. What are the prime factors of c?
2, 3, 1361
Let i be (2 - 5/15)/((-1)/(-3)). Suppose 2*r = -i*r + 336. Suppose 8*x = -r + 472. What are the prime factors of x?
53
Let v be (-2)/(3/4 - 20/16). Suppose -v*h + 5*h = 2. Suppose h*w - 79 = 111. What are the prime factors of w?
5, 19
List the prime factors of (2 + 32/(-20))*5*1099182/84.
26171
Let k be (0 - -4) + 2*-2. Suppose k = -7*m + 5*m + 4. List the prime factors of (64/48)/(m/27).
2, 3
Suppose 16*t - 18*t = -22. Let k(j) = 5*j + t*j - 1 - 2 + 10*j. List the prime factors of k(4).
101
Let z(i) = 18477*i - 6. Let f be z(-2). List the prime factors of f/(-128) - 1/(-4).
17
Suppose -10433 = -y - 18*k + 20*k, 4*y - 41750 = -k. What are the prime factors of y?
3, 7, 71
Let p(z) = z**2 + 9*z + 16. Let q be p(-7). Suppose -3*b - 9 = 3*h, -h + 4 = -q*b - 8. Suppose -3*v - h*f = -121, -f + 4 = f. List the prime factors of v.
3, 13
Let o(z) be the third derivative of z**6/12 + z**5/6 - z**4/24 - 2*z**3/3 + 3*z**2 - 1. List the prime factors of o(2).
2, 3, 19
Let k be (-4 - 5 - -47)/(2/11). Suppose p - 230 = -3*t + k, 2*p + t - 888 = 0. List the prime factors of p.
5, 89
Let k = 8161 - 5669. List the prime factors of k.
2, 7, 89
Suppose -3*t + 35698 = 4*h, 2*h - 23431 = 4*t - 5549. List the prime factors of h.
8929
What are the prime factors of 818616/80 + (-30)/(-100)?
3, 379
Suppose -5*b - 2385 = 9*h - 4*h, -4*h - 5*b = 1907. Let v = h + 1459. List the prime factors of v.
3, 109
Let i(q) = -2*q**3 + 4*q**2 + 5*q - 7. Let z be i(2). Let j(h) = 58*h + 8. Let y be j(z). Suppose y = p + 63. What are the prime factors of p?
7, 17
Suppose 0 = -16*i + 29 + 99. Let f(a) = -a**3 + 13*a**2 - 25*a + 9. List the prime factors of f(i).
3, 43
Let h = 23594 + -4977. List the prime factors of h.
18617
Let w = -78 + 50. Let d = 27 + w. Let n(c) = 236*c**2 + 2*c + 2. What are the prime factors of n(d)?
2, 59
Suppose -243 = 3*y + 6*y. Suppose 4*t - 3*j - 262 = 0, 2*t + 2*j + 264 = 6*t. Let m = t - y. List the prime factors of m.
2, 47
Suppose 5 = -5*s, p - 4*p = -4*s - 19957. List the prime factors of p.
3, 739
Let w(p) = -p**3 - 13*p**2 - 11*p + 20. Let j be w(-12). Suppose 0 = j*b - 1345 - 351. List the prime factors of b.
2, 53
Let d(v) = v**3 - 28*v**2 - 30*v + 32. Let s be d(29). Suppose 3*i = s*r + 1044, -5 + 2 = i. Let b = r - -596. List the prime factors of b.
5, 7
List the prime factors of (5043640/(-12))/(-14)*(-45)/(-75).
18013
Let i(l) = -4*l**2 - 11*l - 17. Let n be i(-7). Let y = -134 - n. List the prime factors of (-36762)/(-154) - y/(-7).
239
Let z(a) = -a**2 - 13*a + 1. Let t be z(-4). Suppose 0 = 5*y - 5*s + 75, 5*y + 38 = -5*s - t. What are the prime factors of (-5)/(50/4) - 561/y?
37
Suppose 3*i - 4*o - 1017 = 0, 5*i - 2519 = 3*o - 824. Suppose -19*z + 20*z - i = 0. List the prime factors of z.
3, 113
Let h(n) = 3*n - 17. Let j(s) = s**2 + 8*s - 50. Let g(u) = -8*h(u) + 3*j(u). Let a be g(3). Suppose a = -3*y + 52. List the prime factors of y.
13
Let x(p) = -p**3 - 4*p**2 - 9*p - 41. Let w be x(-4). What are the prime factors of (7 + 2343)/(7 + w)?
5, 47
Let b(f) = f**2 - 6*f - 140. Let y(x) = 2*x**2 - 11*x - 281. Let k(p) = 7*b(p) - 4*y(p). What are the prime factors of k(0)?
2, 3
List the prime factors of (-1)/(8/(-95190)) + ((-6258)/(-168) - 36).
2, 5, 7, 17
Suppose -5*y + 4*l + 146035 = 0, 3*l + 122697 = 5*y - 23343. List the prime factors of y.
3, 7, 13, 107
Let u be 65/20 + 3/(-12). Suppose -177 - 45 = u*k. Let o = k + 123. What are the prime factors of o?
7
Let a = -3514 - -3795. List the prime factors of a.
281
Let y = 24776 - 13608. What are the prime factors of y?
2, 349
Let a = -390 + 398. Let x(c) = 2*c**3 - 8*c**2 + 4*c - 51. List the prime factors of x(a).
17, 29
Let v(b) = 62*b**2 + 13*b + 53. Let s(o) = 74*o**2 + 15*o + 53. Let c(a) = -5*s(a) + 6*v(a). Suppose -m - 3 - 3 = 0. List the prime factors of c(m).
107
Let d be 0 + 0 + -2 + 6. Suppose -d*t = 3*h - 467, -2*t + 611 = 4*h + t. Let j = h - 71. What are the prime factors of j?
2, 3, 13
Suppose 0 = 4*r + y - 0*y - 251, -y = 5*r - 314. What are the prime factors of (-135)/((r/14)/(-3))?
2, 3, 5
Suppose 39*p - 36*p - 15 = 0. Suppose -q - 479 = -p*h, h = -3*h - 5*q + 389. What are the prime factors of h?
2, 3
Suppose 0 = p - 2, -2*u + 3*p + 731 + 545 = 0. Let d = -167 + u. List the prime factors of d.
2, 3, 79
Suppose -8*h - 1295 = -13*h. Let b = 413 - h. List the prime factors of b.
2, 7, 11
Suppose -35 + 40 = c. Suppose 3*g + c*n - 8 = 0, -2*g - 3*n + 2*n + 17 = 0. List the prime factors of (-52)/286 + 475/g.
43
Suppose -3*j - w + 92163 = 0, -2*j + 45*w + 61440 = 46*w. List the prime factors of j.
3, 7, 11, 19
Let t = 18772 + -12111. List the prime factors of t.
6661
Suppose 3*k - 4*x = 70913, -210*k + 208*k + 47276 = -2*x. List the prime factors of k.
7, 11, 307
Let p be (-15)/(-10)*20/(-6). Let i be (p + 108/20)*1*30. Let n = 114 - i. List the prime factors of n.
2, 3, 17
Suppose n + 2*g = 24, -94 = -4*n - 3*g - 8. Let y be n/(-24)*3*6. What are the prime factors of (-6)/y + (-1638)/(-30)?
5, 11
Let t be (-1)/5 + 305257/(-215). Let l = t - -2196. List the prime factors of l.
2, 97
Let j = 188 - 156. Let z = j - -55. List the prime factors of z.
3, 29
List the prime factors of (-145)/(-348)*-30*10936/(-10).
2, 5, 1367
Let k = -10 + 26. Let x be 8/3*(-3240)/(-144). List the prime factors of (-1 + x/k)/(2/96).
2, 3, 11
Suppose 2*k + 62 + 4 = 0. Let q be (1 - (-39)/(-4))/(6/24). Let o = k - q. What are the prime factors of o?
2
Let i = -20140 - -28414. What are the prime factors of i?
2, 3, 7, 197
Let y(u) = -22*u**2 + 2*u + 57. Let j(a) = 11*a**2 - a - 28. Let r(q) = 13*j(q) + 6*y(q). What are the prime factors of r(-6)?
2, 5, 19
Let v be ((-24)/9